s + 4*v + 79836 = 0. What is the highest common factor of s and 123?
41
Suppose 5*m + 5*c - 1235 = 0, 6*c - 3*c = -9. What is the highest common divisor of m and 850?
50
Let m = 49 - 42. Let f(l) = l**3 + 7*l**2 - 7*l - 1. Let x be f(-6). What is the greatest common factor of m and x?
7
Let m(v) = -8*v - v**3 + 623 - 621 - 9*v**2 + 2*v**2. Let n be m(-6). Suppose 0 = -4*l + 6 + n. Calculate the highest common factor of l and 35.
5
Let p = -173 + 277. Suppose 5*c = -8*n + 10*n - 38, 0 = n - 2*c - 20. Calculate the highest common divisor of p and n.
8
Let b = -1 - -32. Let y be (6 + 2 + -6)*47 - (-7)/(-7). What is the highest common factor of b and y?
31
Suppose -3*i + 111 = -s - 2*s, -95 = -3*i - s. Suppose -i = 8*m - 9*m. Let o = 26 - 4. Calculate the highest common divisor of m and o.
11
Let l be ((-215)/43)/((-2)/10). Calculate the greatest common factor of 915 and l.
5
Let b be 9/(10/((-40)/(-3))). Let z = 75 - b. Calculate the highest common divisor of 27 and z.
9
Suppose 151*g = 150*g + 44. Let q be 1/(-4) + -1 + (-5)/(-4). Suppose -4*v + 59 = d - 261, q = -d + 3*v + 299. Calculate the highest common factor of d and g.
44
Suppose 6 = -2*g - 4*t, g - 1 + 3 = -t. Let i be ((-44)/(-16))/(g/(-36)). What is the greatest common divisor of i and 11?
11
Suppose -8 = -2*w + 4*g, -w + 16 = 3*w - 2*g. Let j be (88/10)/((-63)/(-15) - w). What is the highest common divisor of 1188 and j?
44
Let r = -517 + 534. Suppose 28*s = -r*s + 1620. Let t(g) = 2*g**2 + 4. Let n be t(-5). Calculate the greatest common factor of s and n.
18
Let l(x) = 2*x**3 + 3*x**2 + 117*x + 132. Let h be l(0). What is the highest common divisor of h and 252?
12
Suppose -j = 2*u - 0*j + 7, 2*u - 5*j = 11. Let o be 6*u/(-8)*2. What is the greatest common factor of o and 9?
3
Let p = 74 + 66. Calculate the greatest common factor of p and 1645.
35
Let t(q) = -q**3 + 15*q**2 - 46*q - 15. Let o be t(9). What is the highest common divisor of 3 and o?
3
Let r = 195871 - 195850. Let m(f) = -15*f + 4. Let y be m(-4). Suppose -2*k + u + 37 = 4*u, 2*u = 5*k - y. Calculate the greatest common divisor of r and k.
7
Let w(q) = 44*q + 39. Let s be w(-1). Let x be s/((-5)/12)*28/21. What is the greatest common divisor of x and 36?
4
Let n be (-66)/((-68)/(-495) - 8/44). Suppose -n = -h - 570. Calculate the greatest common divisor of h and 15.
15
Suppose -3*o = -d - 33, 0 = 3*o + d + 4*d - 51. Suppose 5*s + 0*s - r - 1824 = 0, 0 = -3*r - o. Calculate the greatest common factor of 273 and s.
91
Let t = 46 - 32. Suppose -t*c + 811 = -645. Suppose c = d - 78. Calculate the highest common divisor of d and 14.
14
Let c be (-7)/(42/(-15))*262/5. Suppose 5*p = 156 - c. Calculate the highest common factor of 40 and p.
5
Suppose -2*l = 4*l. Let b be 18/((-4)/(-4) - l). Let n be (-1)/(2*(-23)/9 - -5). Calculate the greatest common divisor of n and b.
9
Let q(j) = 5*j + 102. Let w be q(-9). Let n = -45 + w. Calculate the greatest common factor of 39 and n.
3
Suppose 19*o + 5*o + 40166 = 175*o. What is the greatest common factor of o and 238?
14
Let y = -58 - -60. Suppose -2*g + 8 = -y*l + 28, -l - 3*g = 6. Calculate the highest common divisor of l and 48.
6
Suppose u - 152 = k, 4*u + 8*k - 3*k - 644 = 0. Let j be 9/6 - (-4)/((-32)/u). Let v be (700/11)/2 + j/(-99). What is the highest common factor of 64 and v?
32
Let b(x) = -24*x**3. Let g be b(-1). Let h be ((-270)/(-7))/((-24)/(-1120)). Suppose 39*m = 9*m + h. What is the greatest common factor of m and g?
12
Suppose 0 = -311*f + 313*f - 3*v - 542, -4*f + 1090 = -3*v. What is the greatest common divisor of 9727 and f?
137
Suppose u + 4 = 4*c, -1081*c + 1080*c = 4*u - 52. What is the greatest common factor of 3244 and u?
4
Let n = -731 + 747. Let f = -3 - -6. Suppose g - f*g + 80 = 0. Calculate the highest common divisor of n and g.
8
Suppose 4*q + 98*p - 96*p = 274, q - 70 = -2*p. What is the greatest common factor of 544 and q?
68
Let c = 0 - -2. Suppose 4*k + 2*j - 116 = 0, 0 = -0*k + 2*k - c*j - 64. Suppose -222043*s + 221989*s + 540 = 0. What is the greatest common factor of k and s?
10
Suppose 6*m - 17 = m - 2*s, -s = 4*m - 13. Let u be -3 + m + 2 + 79 + -1. Let i be 20/u - 207/(-4). What is the highest common divisor of 13 and i?
13
Let o = 325 - 210. Suppose 0 = 6964*q - 6942*q - 1518. Calculate the highest common divisor of o and q.
23
Suppose -630*m = -596*m - 646. Let z(k) = 8*k - 7. Let d be z(8). Calculate the highest common divisor of d and m.
19
Suppose -198*w + 21441 = -43107. Calculate the greatest common divisor of w and 3749.
163
Let d = 181 - 119. Suppose 23*u = -325*u + 32364. Calculate the greatest common factor of u and d.
31
Let a(g) = -10*g - 9. Let r be a(-1). Let f be 2679*(4 - r)*(-12)/(-108). Calculate the highest common factor of f and 19.
19
Let v(a) = -9*a**3 - 2*a**2 + 15*a + 2. Let n be v(-3). Suppose -4*h - 5*x = -31, 2*h + x - 19 = 4. What is the highest common factor of h and n?
14
Let v be (0 + -1 - -36)/1. Let d be ((-14048)/12)/(44/66). Let m = d + 1761. What is the highest common divisor of v and m?
5
Let g be ((-6946)/184 - -34)/(1/(-8)). Calculate the highest common factor of 3915 and g.
15
Let y(k) be the second derivative of 11*k**4/3 - 2*k**3/3 - 3*k**2/2 - 23*k. Let r = -97 + 96. Let g be y(r). What is the greatest common factor of 15 and g?
15
Suppose 4*k = -3*h + 129, 3*h + 16*k - 19*k - 87 = 0. What is the highest common divisor of h and 1435?
35
Suppose -2*u = -4*o + 136, u + 3*o + 48 = -5. Let v = u - -108. Suppose 4*p = -5*r + 286, -p + 81 - 8 = 2*r. Calculate the greatest common factor of v and p.
23
Let h be 5/(-2) - (-654)/12. What is the greatest common factor of h and 338?
26
Let x(q) = -5*q + 10. Let t be x(-2). Suppose -t*k = -11*k - 693. Calculate the highest common divisor of 7 and k.
7
Let l be -1 + 2 - 20/(-5). Let m be (1/3)/(l/75) - -18. Calculate the greatest common divisor of 184 and m.
23
Suppose -47*a + 225 = -42*a. What is the greatest common factor of 8145 and a?
45
Let c = 8 + 1. Let f(d) = -d**3 - d**2 + 2*d + 36. Let i be f(0). Suppose -63*w + i = -61*w. What is the greatest common factor of w and c?
9
Let m(p) = -82*p + 2600. Let t be m(29). Calculate the greatest common factor of 7659 and t.
111
Let r = -772 + 499. Let f = r - -294. What is the highest common divisor of 357 and f?
21
Let h be ((-1)/(-1))/(3/126*2). Let q = -42 - -63. What is the greatest common factor of h and q?
21
Suppose 2*m - 2*v - 36 = 0, -5*m - 5*v + 110 = -0*v. Let r = -43 - -16. Let o be (-1614)/r - 6/(-27). Calculate the greatest common divisor of m and o.
20
Let l be 4*(31 + 15/(-5)). Suppose 5*c + l = -3*d - 0*d, 0 = d - 2*c + 41. Let j = d - -59. What is the greatest common factor of 4 and j?
4
Suppose 0 = 5*l + 66*d - 65*d - 4520, 4*l - 4*d = 3592. Calculate the highest common divisor of 9 and l.
3
Let c(i) = -386*i - 4460. Let q be c(-16). What is the greatest common factor of q and 1188?
132
Let o = -1953 - -2965. Suppose 6*q - 2*q - o = 0. Suppose 119*r = 121*r - 46. Calculate the highest common factor of q and r.
23
Let i = 2588 + -2287. What is the greatest common divisor of i and 473?
43
Let h(y) = -2*y**2 + 177*y - 3667. Let o be h(45). What is the greatest common divisor of o and 224?
8
Suppose 307 - 46 = 5*p - u, -8*p + 408 = -4*u. Calculate the greatest common factor of p and 21889.
53
Suppose -5*c - 3*i + 152 = 0, 3*c + 2*i - 148 = -2*c. Let d(r) = -r**3 + 17*r**2 - 7*r - 42. Let a be d(10). Calculate the highest common divisor of c and a.
28
Let n(m) be the third derivative of -11*m**6/120 - m**5/12 - 5*m**4/24 - m**3/3 + 57*m**2. Let q be n(-2). Calculate the greatest common factor of q and 19.
19
Suppose -56*a + 1168 = -16 - 216. Suppose d = 3, 5*x + 2*d + 93 = 274. Calculate the highest common factor of x and a.
5
Let o be (-350)/(-4)*60/105. Suppose 4*w + 68 = 3*j, -w - o = -3*j + 3. Calculate the highest common factor of 144 and j.
16
Let l = 23951 + -21731. Calculate the greatest common divisor of 120 and l.
60
Suppose -191*g - 197 = -177*g - 1093. Calculate the highest common divisor of 2384 and g.
16
Let b be 135/(-7) + 4/14. Let d = b - -70. Calculate the highest common divisor of d and 17.
17
Let w = 249 - -254. Let q = -478 + w. Calculate the greatest common factor of q an